a**3 - 14*a**2 - 87*a + 1357. What is x(13)?
57
Let z(b) = -b**2 + 10*b + 133. What is z(17)?
14
Let x(z) = -z**2 - 2*z - 107. Determine x(-19).
-430
Let x(f) = f**3 - 74*f - 135. What is x(-6)?
93
Let l(i) = -2*i**3 - 352*i**2 - 394*i - 7690. Calculate l(-175).
10
Let p(x) = -13*x + 292. What is p(29)?
-85
Let y(n) = 47*n**3 + 9*n**2 - 3*n + 2. Give y(1).
55
Let a(z) = -56*z**2 - 1733*z + 76. Determine a(-31).
-17
Let r(h) = -5*h**2 - 1245*h - 18636. What is r(-16)?
4
Let r(w) = -182*w - 433. Determine r(-2).
-69
Let x(o) = -79*o - 932. Calculate x(-12).
16
Let b(k) = -5*k + 143. Calculate b(27).
8
Let n(k) = -79*k**2 - 389*k + 29. Calculate n(-5).
-1
Let c(l) = l**2 + 14*l + 30. Determine c(-2).
6
Let p(x) = 10*x + 224. Determine p(-10).
124
Let b(m) = -m**3 - m**2 - 14*m + 15. Give b(-5).
185
Let d(z) = -16*z**2 - 40*z + 112. Determine d(3).
-152
Let s(w) = -w**3 - 16*w**2 - 12*w + 30. Determine s(-15).
-15
Let v(a) = -a**3 - 16*a**2 - 63*a - 436. Give v(-14).
54
Let o(x) = -x**3 + x**2 - 3*x - 150. Give o(0).
-150
Let f(h) = h**2 - 104*h - 2464. What is f(-20)?
16
Let i(c) = -230*c - 2525. What is i(-11)?
5
Let c(g) = -36*g**2 + 2234*g - 101. Determine c(62).
23
Let g(b) = -2*b**2 - 25*b - 92. Give g(-9).
-29
Let t(v) = 30*v**2 + 688*v - 53. Give t(-23).
-7
Let p(x) = -22*x + 39. Calculate p(4).
-49
Let b(n) = -n**3 + 40*n**2 + 130*n - 48. Give b(43).
-5
Let i(o) = -o**3 - 17*o**2 + 241*o - 40. Determine i(9).
23
Let t(q) = -q**3 + 3*q**2 - 7*q + 32. Determine t(0).
32
Let m(d) = 94*d - 4520. Calculate m(48).
-8
Let x(m) = -m**3 + 17*m**2 - 12*m - 41. Give x(17).
-245
Let j(n) = -n**2 + 23*n + 121. Give j(29).
-53
Let o(a) = 80*a**2 + 77*a - 76. Determine o(1).
81
Let s(l) = 86*l**2 + 526*l + 47. Determine s(-6).
-13
Let m(d) = -4*d**3 + 14*d**2 + 29*d - 18. What is m(5)?
-23
Let t(p) = 17*p - 970. Calculate t(27).
-511
Let y(m) = 301*m - 12047. Give y(40).
-7
Let t(f) = f**3 + 13*f**2 - 8*f + 72. Calculate t(-14).
-12
Let r(j) = -9*j + 790. Determine r(88).
-2
Let f(i) = 24*i + 950. Give f(-44).
-106
Let x(p) = 25*p - 224. What is x(9)?
1
Let u(b) = 9*b - 48. What is u(11)?
51
Let l(c) = -49*c + 827. Determine l(14).
141
Let w(g) = -g**3 + 69*g**2 - 61*g - 462. Determine w(68).
14
Let u(s) = -575*s + 3432. Determine u(6).
-18
Let d(o) = 29*o - 1289. Determine d(44).
-13
Let u(l) = -l**3 + 12*l**2 + 10*l + 28. Give u(13).
-11
Let r(c) = 8*c**2 + 15*c + 11. Give r(-4).
79
Let p(b) = -b**2 - 4*b + 223. Determine p(-21).
-134
Let u(l) = -12*l**2 + 27*l - 14. Calculate u(4).
-98
Let d(u) = 2*u**2 + 32*u + 82. Determine d(-4).
-14
Let s(l) = 150*l + 3738. What is s(-25)?
-12
Let p(j) = 16*j**2 + 586*j + 2356. Give p(-4).
268
Let k(v) = -48*v**2 + 515*v + 14. Calculate k(11).
-129
Let q(w) = -722*w - 41. Determine q(-1).
681
Let p(g) = 27032*g - 162189. Determine p(6).
3
Let q(v) = -3*v**2 + 94*v + 3306. Calculate q(-21).
9
Let c(q) = 3*q**2 + 26*q - 18. Determine c(-11).
59
Let a(x) = -463*x**2 - 6483*x - 34. Calculate a(-14).
-20
Let u(l) = -l**3 + 16*l**2 - 9*l - 68. Determine u(15).
22
Let v(r) = 17*r - 880. Give v(56).
72
Let r(x) = -1285*x - 6410. Give r(-5).
15
Let v(m) = -23*m + 564. Give v(25).
-11
Let d(o) = -2*o**3 - 250*o**2 - 491*o + 117. Determine d(-123).
-6
Let m(f) = 3*f**3 + 73*f**2 + 15*f - 204. What is m(-24)?
12
Let y(l) = 42*l + 13. What is y(3)?
139
Let p(x) = -2*x**3 + 23*x**2 + 199*x - 2303. What is p(10)?
-13
Let j(b) = -19*b + 136. Give j(6).
22
Let z(o) = -111*o + 625. Determine z(5).
70
Let a(c) = 23*c + 277. Give a(-7).
116
Let d(z) = 5*z**2 - 6*z - 133. Determine d(-13).
790
Let u(k) = 2*k**3 + 65*k**2 + 210*k + 184. Determine u(-29).
-19
Let c(t) = t**3 + 12*t**2 + 26*t + 54. Give c(-10).
-6
Let h(l) = 2*l**2 - 15*l + 34. Calculate h(0).
34
Let t(x) = 3*x - 49. Give t(-13).
-88
Let f(n) = n**3 - 36*n**2 + 200*n + 91. What is f(29)?
4
Let u(l) = -2*l + 209. Calculate u(12).
185
Let y(x) = x**2 + 35*x + 149. Give y(-5).
-1
Let c(z) = z**3 + 128*z**2 - 262*z - 296. What is c(-130)?
-36
Let i(h) = 20*h + 73. Calculate i(-4).
-7
Let z(w) = -89*w + 900. Give z(7).
277
Let i(h) = 12*h**3 + 75*h**2 + 9*h - 67. What is i(-6)?
-13
Let x(q) = 690*q + 35946. Determine x(-52).
66
Let o(s) = -36*s**2 - 490*s - 280. Give o(-13).
6
Let f(g) = 164*g - 9432. Give f(58).
80
Let v(d) = 4*d**2 - 135*d - 89. Determine v(34).
-55
Let o(r) = -27*r - 108. Give o(10).
-378
Let p(h) = -227*h + 8179. What is p(36)?
7
Let p(a) = -32*a + 2407. Determine p(75).
7
Let v(t) = t**3 - 36*t**2 + 42*t + 22. Give v(35).
267
Let h(m) = m**3 - 3*m**2 - 15*m - 7. What is h(-5)?
-132
Let t(b) = -2*b**2 - 44*b - 158. Determine t(-15).
52
Let n(m) = -m**3 + 26*m**2 - 76*m + 1272. Determine n(25).
-3
Let w(v) = -v**3 - 5*v**2 + 47*v + 291. Give w(-6).
45
Let a(h) = h**3 - 24*h**2 + 140*h - 46. What is a(9)?
-1
Let w(o) = -572*o - 1757. Give w(-3).
-41
Let r(o) = -o**3 - 24*o**2 + 292*o - 130. Calculate r(-33).
35
Let c(a) = 13*a**2 - 35*a + 141. Calculate c(6).
399
Let c(h) = 4*h**2 - 363*h + 266. What is c(90)?
-4
Let g(c) = -309*c + 5. What is g(-1)?
314
Let d(j) = 2*j**2 + 13*j - 10. Calculate d(-7).
-3
Let u(i) = 4*i**3 - 780*i**2 + 781*i - 966. Calculate u(194).
4
Let c(m) = -m**2 + 51*m - 811. Calculate c(18).
-217
Let v(g) = g**3 + 72*g**2 - 78*g - 182. Calculate v(-73).
183
Let x(z) = -4*z**2 - 60*z + 305. Give x(4).
1
Let r(g) = 7*g**2 + 1870*g + 9429. What is r(-262)?
-3
Let g(a) = -6*a**2 + 61*a - 13. What is g(10)?
-3
Let c(m) = -248*m**3 + 2*m**2 + 2*m + 1. Calculate c(-1).
249
Let o(k) = -489*k - 2383. What is o(-5)?
62
Let h(j) = 10*j**3 + 2*j**2 + 9*j - 2. What is h(-2)?
-92
Let o(y) = y**2 + 17*y - 15214. Calculate o(115).
-34
Let x(j) = -18*j**2 + 998*j - 446. Calculate x(55).
-6
Let l(q) = 33*q + 2414. Calculate l(-73).
5
Let f(b) = -31*b**2 + 13*b - 12. Determine f(1).
-30
Let u(r) = 127*r + 2550. Determine u(-20).
10
Let f(k) = -50*k**2 - 27*k + 1. Calculate f(-2).
-145
Let d(x) = -47*x - 1231. Calculate d(-25).
-56
Let g(o) = o**3 + 22*o**2 - 291*o - 371. Give g(-31).
1
Let d(r) = -r**3 - 48*r**2 - 564*r + 73. Give d(-25).
-202
Let t(g) = g**3 - 49*g**2 + 35*g + 639. Determine t(48).
15
Let p(t) = 18*t - 240. Give p(14).
12
Let o(l) = -14*l**2 + 491*l - 86. What is o(35)?
-51
Let h(s) = -38*s**3 - 2*s**2 - 3*s. Determine h(-1).
39
Let g(z) = 55*z + 746. Determine g(-23).
-519
Let a(h) = -h**3 - 47*h**2 - 2*h - 121. What is a(-47)?
-27
Let f(r) = 1914*r + 5770. Give f(-3).
28
Let f(q) = 2*q**3 + 17*q**2 - 40*q + 169. Calculate f(-11).
4
Let y(b) = 287*b - 2441. Calculate y(9).
142
Let z(r) = -r**2 - 209*r - 828. Calculate z(-4).
-8
Let y(g) = g**2 - 63*g - 102. Determine y(65).
28
Let u(h) = -16*h**2 + 110*h + 6. Determine u(7).
-8
Let u(d) = 290*d - 1731. What is u(6)?
9
Let z(f) = 148*f**2 + 603*f - 8. Determine z(-4).
-52
Let b(q) = -q**2 + 48*q + 293. Calculate b(53).
28
Let t(h) = -h**3 + 34*h**2 + 15*h + 771. Calculate t(35).
71
Let d(c) = -125*c - 355. What is d(-3)?
20
Let j(k) = 2*k**2 + k - 58. Determine j(0).
-58
Let k(f) = 5*f**2 - 2*f - 189. Calculate k(-6).
3
Let r(z) = 2*z**3 - 36*z**2 + 47*z - 217. Determine r(17).
4
Let y(h) = -h**3 + 8*h**2 + 7*h - 10. What is y(5)?
100
Let d(n) = -324*n + 5513. What is d(17)?
5
Let s(n) = 2*n**3 + 46*n**2 - 742*n - 65. Determine s(11).
1
Let i(y) = y**3 - 30*y**2 - 515*y + 569. Give i(-13).
-3
Let t(x) = 2*x**2 - 72*x - 336. Calculate t(-4).
-16
Let r(g) = -6*g**3 - 34*g**2 - g - 85. Determine r(-6).
-7
Let t(f) = -203*f + 1818. Determine t(9).
-9
Let c(z) = 4*z**3 - 48*z**2 - 12*z + 218. Determine c(12).
74
Let v(o) = 661*o + 4677. Give v(-7).
50
Let b(c) = -4651*c + 79063. Determine b(17).
-4
Let s(u) = -6*u + 430. Give s(69).
16
Let g(m) = m**3 - 11*m**2 - 6*m + 65. Determine g(11).
-1
Let i(c) = -8*c**3 - 28*c**2 + 12*c - 5. Calculate i(-4).
11
Let a(s) = 82*s - 147. Give a(-4).
-475
Let k(f) = -3*f**3 + 30*f**2 + 115*f + 53. What is k(13)?
27
Let i(r) = r**3 - 35*r**2 - 125*r - 26. Give i(38).
-444
Let p(h) = h**2 - 22*h + 198. Give p(9).
81
Let w(f) = f**3 + 24*f**2 + 40*f + 78. Calculate w(-23).
-313
Let t(d) = d**3 - 5*d**2 - 7*d + 12. Give t(7).
61
Let w(k) = k**2 - 6*k - 68. Give w(-12).
148
Let w(r) = r**2 - 3*r - 148. Determine w(14).
6
Let n(w) = w**3 - 8*w**2 + 180*w